ivide 139590?
True
Is 58435021 a multiple of 29?
False
Is 35684638 a multiple of 23?
True
Is 56 a factor of 43537928?
True
Is 912 a factor of 40331376?
True
Does 4521 divide 121863555?
True
Does 50 divide 20498800?
True
Is 18977310 a multiple of 29?
True
Is 50 a factor of 224958100?
True
Is 120208620 a multiple of 84?
True
Is 1058879844 a multiple of 3894?
True
Is 94 a factor of 71805184?
False
Does 65 divide 157579205?
False
Is 1109 a factor of 146099660?
True
Does 10 divide 170241261?
False
Is 54365505 a multiple of 15?
True
Does 45 divide 1350765?
True
Is 3764 a factor of 82130480?
True
Does 12 divide 59606787?
False
Does 12 divide 280794048?
True
Is 410560108 a multiple of 9?
False
Does 78 divide 438555156?
True
Is 101 a factor of 21677630?
True
Is 821420537 a multiple of 436?
False
Is 70 a factor of 2678900?
True
Does 44 divide 29139528?
True
Is 17982708 a multiple of 19?
False
Is 14 a factor of 1180606?
True
Does 1561 divide 47983579?
True
Is 13 a factor of 18567250?
True
Is 43881640 a multiple of 1160?
True
Does 10 divide 35673250?
True
Does 13 divide 38766013?
True
Is 575574760 a multiple of 20?
True
Does 8401 divide 1388156037?
True
Is 3075472 a multiple of 2672?
True
Is 7857 a factor of 569161080?
True
Does 13 divide 3691875876?
True
Is 18 a factor of 112061980?
False
Is 98 a factor of 9071370?
True
Is 13 a factor of 17678622?
True
Does 17 divide 18068076?
True
Is 348978420 a multiple of 721?
True
Is 663044904 a multiple of 691?
True
Does 217 divide 225959062?
True
Is 427 a factor of 161808234?
True
Is 222027672 a multiple of 3285?
False
Is 12 a factor of 7687020?
True
Is 87337931 a multiple of 55?
False
Is 21520255 a multiple of 6?
False
Does 16 divide 780018688?
True
Is 96 a factor of 84690144?
True
Does 321 divide 219052968?
True
Is 5434414552 a multiple of 14?
True
Does 284 divide 6926476?
True
Is 425192809 a multiple of 715?
False
Does 189 divide 27290049?
False
Does 12 divide 45354684?
True
Is 625 a factor of 39531250?
True
Is 158787790 a multiple of 70?
True
Is 275 a factor of 16911125?
True
Is 45225891 a multiple of 227?
True
Does 201 divide 34580168?
False
Does 1491 divide 607142655?
True
Does 9 divide 5044016?
False
Does 1790 divide 6458080140?
True
Does 58 divide 786935706?
True
Is 51433431 a multiple of 246?
False
Is 1885 a factor of 49985841?
False
Is 5 a factor of 20375510?
True
Does 108 divide 31385232?
True
Does 131 divide 760882046?
False
Does 8 divide 51461948?
False
Is 5384449 a multiple of 469?
False
Does 3001 divide 641528577?
False
Is 2933 a factor of 56926597?
True
Is 112 a factor of 806833201?
False
Is 207882192 a multiple of 106?
False
Is 1360 a factor of 74805481?
False
Is 599 a factor of 28933658?
False
Is 1445909914 a multiple of 1200?
False
Does 13 divide 23747568?
True
Does 1686 divide 134043744?
True
Is 496 a factor of 2289224512?
True
Does 80 divide 305895573?
False
Is 303665429 a multiple of 592?
False
Is 642127122 a multiple of 1937?
True
Is 34 a factor of 423705438?
False
Is 37376170 a multiple of 5?
True
Does 1894 divide 213386138?
False
Is 577 a factor of 202492380?
True
Does 4 divide 81209928?
True
Is 2416 a factor of 103941480?
False
Is 1210706145 a multiple of 55?
True
Is 789 a factor of 837341461?
False
Does 816 divide 66543195?
False
Is 21721393 a multiple of 192?
False
Is 14 a factor of 124734736?
True
Does 2970 divide 115925040?
True
Is 17 a factor of 42453392?
False
Does 66 divide 190043502?
True
Is 29 a factor of 40146378?
False
Is 13 a factor of 33071894?
False
Is 132 a factor of 95789232?
True
Is 18 a factor of 35925004?
False
Is 634598832 a multiple of 2716?
True
Does 37 divide 24469079?
False
Does 495 divide 89905876?
False
Does 17 divide 49198518?
False
Is 12 a factor of 202087568?
False
Is 72 a factor of 42777041?
False
Does 1936 divide 106609565?
False
Is 316826120 a multiple of 520?
True
Does 132 divide 36275580?
True
Does 359 divide 8611835?
False
Is 3669720 a multiple of 22?
False
Is 497 a factor of 24023736?
False
Does 169 divide 160016143?
False
Is 611 a factor of 128320387?
True
Is 24 a factor of 15486096?
True
Is 112840016 a multiple of 13?
False
Does 33 divide 778837158?
True
Does 28 divide 238792372?
True
Is 665 a factor of 126596050?
True
Is 850366132 a multiple of 53?
True
Does 34 divide 1499985621?
False
Is 14790218 a multiple of 7?
False
Does 19 divide 86009889?
False
Is 8 a factor of 29083064?
True
Is 1867 a factor of 466018136?
True
Is 50804028 a multiple of 109?
True
Is 440 a factor of 7492760?
True
Is 44356320 a multiple of 60?
True
Does 54 divide 180310752?
True
Does 56 divide 372848?
True
Does 189 divide 10018440?
False
Does 1569 divide 2057097072?
True
Is 1672 a factor of 1587286448?
True
Is 942 a factor of 74661036?
True
Does 163 divide 1003424238?
False
Is 1023 a factor of 10737358?
False
Does 184 divide 46810420?
False
Does 9 divide 96887724?
False
Is 5688427778 a multiple of 583?
True
Does 21 divide 2760186?
False
Is 20 a factor of 1153977980?
True
Is 197217216 a multiple of 261?
False
Is 758 a factor of 13811518?
True
Does 95 divide 90346425?
True
Does 599 divide 131269012?
False
Is 49551172 a multiple of 213?
False
Is 4 a factor of 15949804?
True
Is 21553684 a multiple of 796?
False
Does 4219 divide 1628326678?
False
Is 444013298 a multiple of 2407?
False
Does 136 divide 89524209?
False
Does 270 divide 1526395050?
True
Is 205 a factor of 321561628?
False
Is 938976 a multiple of 4?
True
Does 142 divide 1163264?
True
Is 158 a factor of 65867356?
True
Does 152 divide 10941403?
False
Is 292 a factor of 182507592?
True
Is 411586490 a multiple of 117?
False
Is 92 a factor of 2204639082?
False
Is 198195073 a multiple of 157?
True
Does 1192 divide 887953087?
False
Does 12 divide 2577108204?
True
Is 17 a factor of 212959528?
False
Is 8551591 a multiple of 270?
False
Is 40 a factor of 100773760?
True
Is 3976 a factor of 952108864?
True
Does 864 divide 14404608?
True
Does 136 divide 1817656339?
False
Does 1203 divide 88038008?
False
Is 65 a factor of 196583335?
True
Is 110 a factor of 686954070?
True
Does 1558 divide 125506248?
True
Is 23 a factor of 776595?
True
Is 399 a factor of 490878482?
False
Is 492540107 a multiple of 356?
False
Is 657 a factor of 162617843?
False
Is 21186189 a multiple of 9?
True
Does 91 divide 271392688?
False
Is 1968098063 a multiple of 3539?
True
Is 1494 a factor of 83923196?
False
Is 36921440 a multiple of 115?
True
Does 4738 divide 369564?
True
Is 1453700112 a multiple of 24?
True
Does 36 divide 77072348?
False
Is 7 a factor of 2526812365?
True
Is 319180625 a multiple of 625?
True
Does 42 divide 72400763?
False
Does 35 divide 96079715?
False
Is 420 a factor of 17519518?
False
Is 202630472 a multiple of 968?
True
Does 34 divide 57974447?
False
Does 15 divide 14518061?
False
Does 6 divide 14309474?
False
Is 6381822174 a multiple of 26?
True
Does 1587 divide 1647467874?
True
Is 73 a factor of 1167592?
False
Is 321195985 a multiple of 7940?
False
Does 801 divide 43198731?
True
Does 817 divide 30055756?
False
Is 8648054 a multiple of 138?
False
Does 163 divide 6330369060?
True
Does 4 divide 12503102?
False
Is 130 a factor of 2161980898?
False
Is 2085510925 a multiple of 1857?
False
Is 360 a factor of 4962113?
False
Is 1072998593 a multiple of 827?
True
Is 48 a factor of 132983184?
True
Is 312 a factor of 582932228?
False
Is 17 a factor of 307518306?
False
Is 630206352 a multiple of 16?
True
Does 4786 divide 26480260?
False
Does 138 divide 13886026?
False
Is 106204535 a multiple of 84?
False
Is 26269699 a multiple of 130?
False
Is 194859946 a multiple of 2011?
False
Is 34 a factor of 54042252?
True
Is 40 a factor of 176127280?
True
Does 13 divide 44041491?
True
Does 1897 divide 106738499?
True
Is 10 a factor of 1506904272?
False
Is 62763492 a multiple of 11?
True
Is 170 a factor of 4112810?
True
Is 457296764 a multiple of 148?
True
Does 10 divide 83202791?
False
Is 64045795 a multiple of 11?
True
Does 8 divide 75118006?
False
Does 426 divide 69876354?
True
Does 9 divide 74710803?
False
Is 3350016 a multiple of 192?
True
Is 299907366 a multiple of 315?
False
Does 2503 divide 3608355260?
False
Does 11 divide 247830073?
False
Is 1935878 a multiple of 31?
False
Is 435419996 a multiple of 523?
False
Does 108 divide 37297476?
True
Is 20631807 a